{"id":136,"date":"2019-12-16T12:06:05","date_gmt":"2019-12-16T11:06:05","guid":{"rendered":"http:\/\/mrvt.ch\/?page_id=136"},"modified":"2020-03-27T13:44:34","modified_gmt":"2020-03-27T12:44:34","slug":"historique-de","status":"publish","type":"page","link":"https:\/\/mrvt.ch\/de\/historique-de\/","title":{"rendered":"Geschichte"},"content":{"rendered":"\n<h2 class=\"wp-block-heading\">Das MRVT von 1859 bis heute<\/h2>\n\n\n\n<h3 class=\"wp-block-heading\"><strong>1859\u00a0: der Verein des Museums von Fleurier<\/strong> (Soci\u00e9t\u00e9 du Mus\u00e9e de Fleurier)<\/h3>\n\n\n\n<p class=\"has-text-align-left\">Das Mus\u00e9e r\u00e9gional du Val-de-Travers (MRVT)\u00a0 geht aus dem Verein des Museums von Fleurier hervor. Er wurde 1859\u00a0 von 14 M\u00e4nnern gegr\u00fcndet. Die Gr\u00fcndung dieser Gesellschaft des \u00f6ffentlichen Nutzens und des gegenseitigen Lernens tr\u00e4gt zur Durchf\u00fchrung verschiedener kultureller Projekte im Val-de-Travers bei, wie etwa die Existenz eines Museums in Fleurier w\u00e4hrend fast 100 Jahren, die Organisation \u00f6ffentlicher Vortr\u00e4ge, die Errichtung von Waldbepflanzungen an der Stelle \u201eLa Caroline\u201c, die Er\u00f6ffnung einer Bibliothek, die Einrichtung \u00f6ffentlicher B\u00e4der, der Bau verschiedener Wanderwege durch die \u201eGorges de la Po\u00ebta-Raisse\u201c und auf den \u201eChapeau de Napoleon\u201c, die Durchf\u00fchrung von Zeichnungskursen und Filmvorf\u00fchrungen sowie die Einrichtung eines Schulheims.<\/p>\n\n\n\n<p>1865 \u00f6ffnet das Museum von Fleurier seine Tore im Geb\u00e4ude der heutigen Dorfbibliothek. Es ist ein echtes Kuriosit\u00e4tenkabinett mit verschiedenartigsten Gegenst\u00e4nden, die von der Bev\u00f6lkerung gespendet oder von reisenden Talbewohnern zur\u00fcckgebracht wurden. Die Ausstellungsobjekte erlauben es allen, etwas von ihnen lernen zu k\u00f6nnen.<\/p>\n\n\n\n<h3 class=\"wp-block-heading\"><strong>1969\u00a0: l\u2019Association du Mus\u00e9e r\u00e9gional d\u2019histoire et d\u2019artisanat du Val-de-Travers<\/strong><\/h3>\n\n\n\n<p>1969 wird der Verein des Museums von Fleurier durch die Vereinigung des regionalen Museums f\u00fcr Geschichte und Handwerk des Val-de-Travers ersetzt. Ihre Mitglieder, die sich in der neuen Bezeichnung wiederfinden, beschliessen, dass es an der Zeit ist, das Museum weiterzuentwickeln und seinen regionalen und musealen Charakter zu verst\u00e4rken. Die Sammlungen werden mit Objekten erg\u00e4nzt, die durch die Industrialisierung verschwinden. Die gemeinn\u00fctzigen Aktivit\u00e4ten werden der Gemeinde \u00fcbergeben, damit die Vereinigung sich nur noch um das Museum k\u00fcmmert.<\/p>\n\n\n\n<h3 class=\"wp-block-heading\"><strong>1970\u00a0: Ankauf des Maison des Mascarons in M\u00f4tiers<\/strong><\/h3>\n\n\n\n<p>Nach dem Kauf des Maison des Mascarons und seiner angrenzenden Scheune durch die Vereinigung, zieht das Museum von Fleurier mit seinen Sammlungen in die Grande Rue 14 in M\u00f4tiers um. Die Jahre vergehen und sind gepr\u00e4gt von vielen kulturellen Ereignissen: Konzerte, Theaterst\u00fccke und Ausstellungen. W\u00e4hrend vielen Jahren ist das Maison des Mascarons ein wahres Kulturzentrum f\u00fcr das Val-de-Travers. Mit der zunehmenden Industrialisierung in der Region retten die Mitglieder der Vereinigung weiterhin Objekte, die von einer Zeit und einem Know-how zeugen, die allm\u00e4hlich verschwinden.<\/p>\n\n\n\n<h3 class=\"wp-block-heading\"><strong>1998\u00a0: Ankauf des S\u00e9choir \u00e0\u2019Absinthe in Boveresse<\/strong><\/h3>\n\n\n\n<p>Die \u00dcbernahme des S\u00e9choirs \u00e0 absinthe (Absinth-Trocknerei) durch die Vereinigung im Jahr 1998 erm\u00f6glicht seine Einstufung als historisches Denkmal. Nach mehreren Arbeiten bietet die Vereinigung im Jahr 2000 eine Ausstellung an \u00fcber die Geschichte des Absinths und pr\u00e4sentiert eine Reihe von Landwirtschafts- und Pferdefahrzeugen, welche die gr\u00f6ssten Objekte in den Sammlungen darstellen.<\/p>\n\n\n\n<h3 class=\"wp-block-heading\"><strong>2003 Erwerb der Pension Beauregard in Fleurier<\/strong><\/h3>\n\n\n\n<p>2003 kauft die Vereinigung die Pension Beauregard, eines der \u00e4ltesten erhaltenen Zivilgeb\u00e4ude im Val-de-Travers, aus zwei wichtigen Gr\u00fcnden: das historische Geb\u00e4ude im Val-de-Travers zu erhalten und Raum f\u00fcr Sonderausstellungen zu schaffen. Die Pension wird 2005 nach umfangreichen architektonischen Arbeiten eingeweiht.<\/p>\n\n\n\n<h3 class=\"wp-block-heading\"><strong>2014\u00a0: die Stiftung des Mus\u00e9e r\u00e9gional du Val-de-Travers<\/strong><\/h3>\n\n\n\n<p>Im Dezember 2014 wandelt sich die Vereinigung in die \u201eSoci\u00e9t\u00e9 des Amis du Mus\u00e9e r\u00e9gional du Val-de-Travers\u201c um und parallel dazu bildet sich die \u201eFondation (Stiftung) du Mus\u00e9e r\u00e9gional du Val-de-Travers. Diese Passage sichert dem Museum mehr Best\u00e4ndigkeit und rechtliche Solidit\u00e4t. Die \u201eSoci\u00e9t\u00e9 des Amis\u201c erm\u00f6glicht es, die assoziative Dynamik aufrechtzuerhalten, indem sie ihre Mitglieder von der Verwaltung der Institution entlastet.<\/p>\n\n\n\n<h3 class=\"wp-block-heading\"><strong>2016<\/strong>\u00a0: <strong>Wiederer\u00f6ffnung des Mus\u00e9e des Mascarons<\/strong><\/h3>\n\n\n\n<p>In den letzten Jahren ist die Zahl der Besucher des Mus\u00e9e des Mascarons stetig zur\u00fcckgegangen und seine Museographie ist seit 40 Jahren unver\u00e4ndert geblieben. Es geht also darum, das Museum auf zweierlei Arten neu zu beleben: durch Renovierungsarbeiten, die es erm\u00f6glichen, das Geb\u00e4ude an die Standards anzupassen und ein neues Museumsprojekt zu installieren. Nach dreij\u00e4hriger Schliessung \u00f6ffnet das Museum seine Tore im November 2016 wieder.<\/p>\n\n\n\n<h3 class=\"wp-block-heading\"><strong>Heute<\/strong><\/h3>\n\n\n\n<p>Das Mus\u00e9e R\u00e9gional du Val-de-Travers (MRVT), umfasst heute das Maison des Mascarons, das S\u00e9choir und die Pension Beauregard, deren Verwaltung in der Verantwortung einer Kuratorin liegt, die von einem Stiftungsrat, von Mitarbeitern, der Soci\u00e9t\u00e9 des Amis des MRVT und Freiwilligen unterst\u00fctzt wird. Gemeinsam arbeiten alle daran, das MRVT zu einem wesentlichen Akteur im kulturellen Leben der Region zu machen. Das MRVT bietet generationen\u00fcbergreifende Aktivit\u00e4ten, die soziale Bindungen und ein regionales Zugeh\u00f6rigkeitsgef\u00fchl f\u00f6rdern. In einem gr\u00f6sseren Umkreis tr\u00e4gt es zur Ausstrahlung des historischen Reichtums des Val-de-Travers nach aussen bei.<\/p>\n","protected":false},"excerpt":{"rendered":"<p>Das MRVT von 1859 bis heute 1859\u00a0: der Verein des Museums von Fleurier (Soci\u00e9t\u00e9 du Mus\u00e9e de Fleurier) Das Mus\u00e9e r\u00e9gional du Val-de-Travers (MRVT)\u00a0 geht aus dem Verein des Museums von Fleurier hervor. Er wurde 1859\u00a0 von 14 M\u00e4nnern gegr\u00fcndet. Die Gr\u00fcndung dieser Gesellschaft des \u00f6ffentlichen Nutzens und des gegenseitigen Lernens tr\u00e4gt zur Durchf\u00fchrung verschiedener [&hellip;]<\/p>\n","protected":false},"author":2,"featured_media":0,"parent":0,"menu_order":0,"comment_status":"closed","ping_status":"closed","template":"","meta":{"_acf_changed":false,"footnotes":""},"class_list":["post-136","page","type-page","status-publish","hentry"],"acf":[],"yoast_head":"<!-- This site is optimized with the Yoast SEO plugin v26.0 - https:\/\/yoast.com\/wordpress\/plugins\/seo\/ -->\n<title>Geschichte - Mus\u00e9e r\u00e9gional du Val-de-Travers<\/title>\n<meta name=\"robots\" content=\"index, follow, max-snippet:-1, max-image-preview:large, max-video-preview:-1\" \/>\n<link rel=\"canonical\" href=\"https:\/\/mrvt.ch\/de\/historique-de\/\" \/>\n<meta property=\"og:locale\" content=\"de_DE\" \/>\n<meta property=\"og:type\" content=\"article\" \/>\n<meta property=\"og:title\" content=\"Geschichte - Mus\u00e9e r\u00e9gional du Val-de-Travers\" \/>\n<meta property=\"og:description\" content=\"Das MRVT von 1859 bis heute 1859\u00a0: der Verein des Museums von Fleurier (Soci\u00e9t\u00e9 du Mus\u00e9e de Fleurier) Das Mus\u00e9e r\u00e9gional du Val-de-Travers (MRVT)\u00a0 geht aus dem Verein des Museums von Fleurier hervor. Er wurde 1859\u00a0 von 14 M\u00e4nnern gegr\u00fcndet. Die Gr\u00fcndung dieser Gesellschaft des \u00f6ffentlichen Nutzens und des gegenseitigen Lernens tr\u00e4gt zur Durchf\u00fchrung verschiedener [&hellip;]\" \/>\n<meta property=\"og:url\" content=\"https:\/\/mrvt.ch\/de\/historique-de\/\" \/>\n<meta property=\"og:site_name\" content=\"Mus\u00e9e r\u00e9gional du Val-de-Travers\" \/>\n<meta property=\"article:modified_time\" content=\"2020-03-27T12:44:34+00:00\" \/>\n<meta name=\"twitter:card\" content=\"summary_large_image\" \/>\n<meta name=\"twitter:label1\" content=\"Gesch\u00e4tzte Lesezeit\" \/>\n\t<meta name=\"twitter:data1\" content=\"4\u00a0Minuten\" \/>\n<script type=\"application\/ld+json\" class=\"yoast-schema-graph\">{\"@context\":\"https:\/\/schema.org\",\"@graph\":[{\"@type\":\"WebPage\",\"@id\":\"https:\/\/mrvt.ch\/de\/historique-de\/\",\"url\":\"https:\/\/mrvt.ch\/de\/historique-de\/\",\"name\":\"Geschichte - Mus\u00e9e r\u00e9gional du Val-de-Travers\",\"isPartOf\":{\"@id\":\"https:\/\/mrvt.ch\/de\/#website\"},\"datePublished\":\"2019-12-16T11:06:05+00:00\",\"dateModified\":\"2020-03-27T12:44:34+00:00\",\"breadcrumb\":{\"@id\":\"https:\/\/mrvt.ch\/de\/historique-de\/#breadcrumb\"},\"inLanguage\":\"de\",\"potentialAction\":[{\"@type\":\"ReadAction\",\"target\":[\"https:\/\/mrvt.ch\/de\/historique-de\/\"]}]},{\"@type\":\"BreadcrumbList\",\"@id\":\"https:\/\/mrvt.ch\/de\/historique-de\/#breadcrumb\",\"itemListElement\":[{\"@type\":\"ListItem\",\"position\":1,\"name\":\"Accueil\",\"item\":\"https:\/\/mrvt.ch\/de\/\"},{\"@type\":\"ListItem\",\"position\":2,\"name\":\"Geschichte\"}]},{\"@type\":\"WebSite\",\"@id\":\"https:\/\/mrvt.ch\/de\/#website\",\"url\":\"https:\/\/mrvt.ch\/de\/\",\"name\":\"Mus\u00e9e r\u00e9gional du Val-de-Travers\",\"description\":\"\",\"potentialAction\":[{\"@type\":\"SearchAction\",\"target\":{\"@type\":\"EntryPoint\",\"urlTemplate\":\"https:\/\/mrvt.ch\/de\/?s={search_term_string}\"},\"query-input\":{\"@type\":\"PropertyValueSpecification\",\"valueRequired\":true,\"valueName\":\"search_term_string\"}}],\"inLanguage\":\"de\"}]}<\/script>\n<!-- \/ Yoast SEO plugin. -->","yoast_head_json":{"title":"Geschichte - Mus\u00e9e r\u00e9gional du Val-de-Travers","robots":{"index":"index","follow":"follow","max-snippet":"max-snippet:-1","max-image-preview":"max-image-preview:large","max-video-preview":"max-video-preview:-1"},"canonical":"https:\/\/mrvt.ch\/de\/historique-de\/","og_locale":"de_DE","og_type":"article","og_title":"Geschichte - Mus\u00e9e r\u00e9gional du Val-de-Travers","og_description":"Das MRVT von 1859 bis heute 1859\u00a0: der Verein des Museums von Fleurier (Soci\u00e9t\u00e9 du Mus\u00e9e de Fleurier) Das Mus\u00e9e r\u00e9gional du Val-de-Travers (MRVT)\u00a0 geht aus dem Verein des Museums von Fleurier hervor. Er wurde 1859\u00a0 von 14 M\u00e4nnern gegr\u00fcndet. Die Gr\u00fcndung dieser Gesellschaft des \u00f6ffentlichen Nutzens und des gegenseitigen Lernens tr\u00e4gt zur Durchf\u00fchrung verschiedener [&hellip;]","og_url":"https:\/\/mrvt.ch\/de\/historique-de\/","og_site_name":"Mus\u00e9e r\u00e9gional du Val-de-Travers","article_modified_time":"2020-03-27T12:44:34+00:00","twitter_card":"summary_large_image","twitter_misc":{"Gesch\u00e4tzte Lesezeit":"4\u00a0Minuten"},"schema":{"@context":"https:\/\/schema.org","@graph":[{"@type":"WebPage","@id":"https:\/\/mrvt.ch\/de\/historique-de\/","url":"https:\/\/mrvt.ch\/de\/historique-de\/","name":"Geschichte - Mus\u00e9e r\u00e9gional du Val-de-Travers","isPartOf":{"@id":"https:\/\/mrvt.ch\/de\/#website"},"datePublished":"2019-12-16T11:06:05+00:00","dateModified":"2020-03-27T12:44:34+00:00","breadcrumb":{"@id":"https:\/\/mrvt.ch\/de\/historique-de\/#breadcrumb"},"inLanguage":"de","potentialAction":[{"@type":"ReadAction","target":["https:\/\/mrvt.ch\/de\/historique-de\/"]}]},{"@type":"BreadcrumbList","@id":"https:\/\/mrvt.ch\/de\/historique-de\/#breadcrumb","itemListElement":[{"@type":"ListItem","position":1,"name":"Accueil","item":"https:\/\/mrvt.ch\/de\/"},{"@type":"ListItem","position":2,"name":"Geschichte"}]},{"@type":"WebSite","@id":"https:\/\/mrvt.ch\/de\/#website","url":"https:\/\/mrvt.ch\/de\/","name":"Mus\u00e9e r\u00e9gional du Val-de-Travers","description":"","potentialAction":[{"@type":"SearchAction","target":{"@type":"EntryPoint","urlTemplate":"https:\/\/mrvt.ch\/de\/?s={search_term_string}"},"query-input":{"@type":"PropertyValueSpecification","valueRequired":true,"valueName":"search_term_string"}}],"inLanguage":"de"}]}},"_links":{"self":[{"href":"https:\/\/mrvt.ch\/de\/wp-json\/wp\/v2\/pages\/136","targetHints":{"allow":["GET"]}}],"collection":[{"href":"https:\/\/mrvt.ch\/de\/wp-json\/wp\/v2\/pages"}],"about":[{"href":"https:\/\/mrvt.ch\/de\/wp-json\/wp\/v2\/types\/page"}],"author":[{"embeddable":true,"href":"https:\/\/mrvt.ch\/de\/wp-json\/wp\/v2\/users\/2"}],"replies":[{"embeddable":true,"href":"https:\/\/mrvt.ch\/de\/wp-json\/wp\/v2\/comments?post=136"}],"version-history":[{"count":2,"href":"https:\/\/mrvt.ch\/de\/wp-json\/wp\/v2\/pages\/136\/revisions"}],"predecessor-version":[{"id":470,"href":"https:\/\/mrvt.ch\/de\/wp-json\/wp\/v2\/pages\/136\/revisions\/470"}],"wp:attachment":[{"href":"https:\/\/mrvt.ch\/de\/wp-json\/wp\/v2\/media?parent=136"}],"curies":[{"name":"wp","href":"https:\/\/api.w.org\/{rel}","templated":true}]}}

<h2 class="wp-block-heading">Das MRVT von 1859 bis heute</h2>



<h3 class="wp-block-heading"><strong>1859 : der Verein des Museums von Fleurier</strong> (Société du Musée de Fleurier)</h3>



<p class="has-text-align-left">Das Musée régional du Val-de-Travers (MRVT)  geht aus dem Verein des Museums von Fleurier hervor. Er wurde 1859  von 14 Männern gegründet. Die Gründung dieser Gesellschaft des öffentlichen Nutzens und des gegenseitigen Lernens trägt zur Durchführung verschiedener kultureller Projekte im Val-de-Travers bei, wie etwa die Existenz eines Museums in Fleurier während fast 100 Jahren, die Organisation öffentlicher Vorträge, die Errichtung von Waldbepflanzungen an der Stelle „La Caroline“, die Eröffnung einer Bibliothek, die Einrichtung öffentlicher Bäder, der Bau verschiedener Wanderwege durch die „Gorges de la Poëta-Raisse“ und auf den „Chapeau de Napoleon“, die Durchführung von Zeichnungskursen und Filmvorführungen sowie die Einrichtung eines Schulheims.</p>



<p>1865 öffnet das Museum von Fleurier seine Tore im Gebäude der heutigen Dorfbibliothek. Es ist ein echtes Kuriositätenkabinett mit verschiedenartigsten Gegenständen, die von der Bevölkerung gespendet oder von reisenden Talbewohnern zurückgebracht wurden. Die Ausstellungsobjekte erlauben es allen, etwas von ihnen lernen zu können.</p>



<h3 class="wp-block-heading"><strong>1969 : l’Association du Musée régional d’histoire et d’artisanat du Val-de-Travers</strong></h3>



<p>1969 wird der Verein des Museums von Fleurier durch die Vereinigung des regionalen Museums für Geschichte und Handwerk des Val-de-Travers ersetzt. Ihre Mitglieder, die sich in der neuen Bezeichnung wiederfinden, beschliessen, dass es an der Zeit ist, das Museum weiterzuentwickeln und seinen regionalen und musealen Charakter zu verstärken. Die Sammlungen werden mit Objekten ergänzt, die durch die Industrialisierung verschwinden. Die gemeinnützigen Aktivitäten werden der Gemeinde übergeben, damit die Vereinigung sich nur noch um das Museum kümmert.</p>



<h3 class="wp-block-heading"><strong>1970 : Ankauf des Maison des Mascarons in Môtiers</strong></h3>



<p>Nach dem Kauf des Maison des Mascarons und seiner angrenzenden Scheune durch die Vereinigung, zieht das Museum von Fleurier mit seinen Sammlungen in die Grande Rue 14 in Môtiers um. Die Jahre vergehen und sind geprägt von vielen kulturellen Ereignissen: Konzerte, Theaterstücke und Ausstellungen. Während vielen Jahren ist das Maison des Mascarons ein wahres Kulturzentrum für das Val-de-Travers. Mit der zunehmenden Industrialisierung in der Region retten die Mitglieder der Vereinigung weiterhin Objekte, die von einer Zeit und einem Know-how zeugen, die allmählich verschwinden.</p>



<h3 class="wp-block-heading"><strong>1998 : Ankauf des Séchoir à’Absinthe in Boveresse</strong></h3>



<p>Die Übernahme des Séchoirs à absinthe (Absinth-Trocknerei) durch die Vereinigung im Jahr 1998 ermöglicht seine Einstufung als historisches Denkmal. Nach mehreren Arbeiten bietet die Vereinigung im Jahr 2000 eine Ausstellung an über die Geschichte des Absinths und präsentiert eine Reihe von Landwirtschafts- und Pferdefahrzeugen, welche die grössten Objekte in den Sammlungen darstellen.</p>



<h3 class="wp-block-heading"><strong>2003 Erwerb der Pension Beauregard in Fleurier</strong></h3>



<p>2003 kauft die Vereinigung die Pension Beauregard, eines der ältesten erhaltenen Zivilgebäude im Val-de-Travers, aus zwei wichtigen Gründen: das historische Gebäude im Val-de-Travers zu erhalten und Raum für Sonderausstellungen zu schaffen. Die Pension wird 2005 nach umfangreichen architektonischen Arbeiten eingeweiht.</p>



<h3 class="wp-block-heading"><strong>2014 : die Stiftung des Musée régional du Val-de-Travers</strong></h3>



<p>Im Dezember 2014 wandelt sich die Vereinigung in die „Société des Amis du Musée régional du Val-de-Travers“ um und parallel dazu bildet sich die „Fondation (Stiftung) du Musée régional du Val-de-Travers. Diese Passage sichert dem Museum mehr Beständigkeit und rechtliche Solidität. Die „Société des Amis“ ermöglicht es, die assoziative Dynamik aufrechtzuerhalten, indem sie ihre Mitglieder von der Verwaltung der Institution entlastet.</p>



<h3 class="wp-block-heading"><strong>2016</strong> : <strong>Wiedereröffnung des Musée des Mascarons</strong></h3>



<p>In den letzten Jahren ist die Zahl der Besucher des Musée des Mascarons stetig zurückgegangen und seine Museographie ist seit 40 Jahren unverändert geblieben. Es geht also darum, das Museum auf zweierlei Arten neu zu beleben: durch Renovierungsarbeiten, die es ermöglichen, das Gebäude an die Standards anzupassen und ein neues Museumsprojekt zu installieren. Nach dreijähriger Schliessung öffnet das Museum seine Tore im November 2016 wieder.</p>



<h3 class="wp-block-heading"><strong>Heute</strong></h3>



<p>Das Musée Régional du Val-de-Travers (MRVT), umfasst heute das Maison des Mascarons, das Séchoir und die Pension Beauregard, deren Verwaltung in der Verantwortung einer Kuratorin liegt, die von einem Stiftungsrat, von Mitarbeitern, der Société des Amis des MRVT und Freiwilligen unterstützt wird. Gemeinsam arbeiten alle daran, das MRVT zu einem wesentlichen Akteur im kulturellen Leben der Region zu machen. Das MRVT bietet generationenübergreifende Aktivitäten, die soziale Bindungen und ein regionales Zugehörigkeitsgefühl fördern. In einem grösseren Umkreis trägt es zur Ausstrahlung des historischen Reichtums des Val-de-Travers nach aussen bei.</p>

<p>Das MRVT von 1859 bis heute 1859 : der Verein des Museums von Fleurier (Société du Musée de Fleurier) Das Musée régional du Val-de-Travers (MRVT)  geht aus dem Verein des Museums von Fleurier hervor. Er wurde 1859  von 14 Männern gegründet. Die Gründung dieser Gesellschaft des öffentlichen Nutzens und des gegenseitigen Lernens trägt zur Durchführung verschiedener [&hellip;]</p>

<!-- This site is optimized with the Yoast SEO plugin v26.0 - https://yoast.com/wordpress/plugins/seo/ -->
<title>Geschichte - Musée régional du Val-de-Travers</title>
<meta name="robots" content="index, follow, max-snippet:-1, max-image-preview:large, max-video-preview:-1" />
<link rel="canonical" href="https://mrvt.ch/de/historique-de/" />
<meta property="og:locale" content="de_DE" />
<meta property="og:type" content="article" />
<meta property="og:title" content="Geschichte - Musée régional du Val-de-Travers" />
<meta property="og:description" content="Das MRVT von 1859 bis heute 1859 : der Verein des Museums von Fleurier (Société du Musée de Fleurier) Das Musée régional du Val-de-Travers (MRVT)  geht aus dem Verein des Museums von Fleurier hervor. Er wurde 1859  von 14 Männern gegründet. Die Gründung dieser Gesellschaft des öffentlichen Nutzens und des gegenseitigen Lernens trägt zur Durchführung verschiedener [&hellip;]" />
<meta property="og:url" content="https://mrvt.ch/de/historique-de/" />
<meta property="og:site_name" content="Musée régional du Val-de-Travers" />
<meta property="article:modified_time" content="2020-03-27T12:44:34+00:00" />
<meta name="twitter:card" content="summary_large_image" />
<meta name="twitter:label1" content="Geschätzte Lesezeit" />
	<meta name="twitter:data1" content="4 Minuten" />
<script type="application/ld+json" class="yoast-schema-graph">{"@context":"https://schema.org","@graph":[{"@type":"WebPage","@id":"https://mrvt.ch/de/historique-de/","url":"https://mrvt.ch/de/historique-de/","name":"Geschichte - Musée régional du Val-de-Travers","isPartOf":{"@id":"https://mrvt.ch/de/#website"},"datePublished":"2019-12-16T11:06:05+00:00","dateModified":"2020-03-27T12:44:34+00:00","breadcrumb":{"@id":"https://mrvt.ch/de/historique-de/#breadcrumb"},"inLanguage":"de","potentialAction":[{"@type":"ReadAction","target":["https://mrvt.ch/de/historique-de/"]}]},{"@type":"BreadcrumbList","@id":"https://mrvt.ch/de/historique-de/#breadcrumb","itemListElement":[{"@type":"ListItem","position":1,"name":"Accueil","item":"https://mrvt.ch/de/"},{"@type":"ListItem","position":2,"name":"Geschichte"}]},{"@type":"WebSite","@id":"https://mrvt.ch/de/#website","url":"https://mrvt.ch/de/","name":"Musée régional du Val-de-Travers","description":"","potentialAction":[{"@type":"SearchAction","target":{"@type":"EntryPoint","urlTemplate":"https://mrvt.ch/de/?s={search_term_string}"},"query-input":{"@type":"PropertyValueSpecification","valueRequired":true,"valueName":"search_term_string"}}],"inLanguage":"de"}]}</script>
<!-- / Yoast SEO plugin. -->

Geschichte - Musée régional du Val-de-Travers

Das MRVT von 1859 bis heute 1859 : der Verein des Museums von Fleurier (Société du Musée de Fleurier) Das Musée régional du Val-de-Travers (MRVT)  geht aus dem Verein des Museums von Fleurier hervor. Er wurde 1859  von 14 Männern gegründet. Die Gründung dieser Gesellschaft des öffentlichen Nutzens und des gegenseitigen Lernens trägt zur Durchführung verschiedener [&hellip;]

Musée régional du Val-de-Travers
