{"id":843,"date":"2021-05-18T10:47:02","date_gmt":"2021-05-18T08:47:02","guid":{"rendered":"http:\/\/mrvt.ch\/?post_type=event&#038;p=843"},"modified":"2021-06-07T16:37:26","modified_gmt":"2021-06-07T14:37:26","slug":"absinthe-en-fete-sechoir-ouvert","status":"publish","type":"event","link":"https:\/\/mrvt.ch\/de\/events\/absinthe-en-fete-sechoir-ouvert\/","title":{"rendered":"Absinthe en f\u00eate : S\u00e9choir ouvert"},"content":{"rendered":"\n<p>Du c\u00f4t\u00e9 du MRVT c&#8217;est au S\u00e9choir \u00e0 absinthe que nous vous accueillerons le samedi 12 juin de 14h \u00e0 17h <img decoding=\"async\" height=\"16\" width=\"16\" alt=\"&#x1f973;\" src=\"https:\/\/static.xx.fbcdn.net\/images\/emoji.php\/v9\/t6d\/1\/16\/1f973.png\"> et on s&#8217;en r\u00e9jouit !<\/p>\n\n\n\n<p>Pas de d\u00e9gustation chez nous, on laisse les distillateurs participants vous faire (re)d\u00e9couvrir leurs tr\u00e9sors<img decoding=\"async\" height=\"16\" width=\"16\" alt=\"&#x1f9da;&#x200d;&#x2642;&#xfe0f;\" src=\"https:\/\/static.xx.fbcdn.net\/images\/emoji.php\/v9\/t3e\/1\/16\/1f9da_200d_2642.png\"> <\/p>\n\n\n\n<p>ENTR\u00c9E LIBRE pour tous en ce jour <a rel=\"noreferrer noopener\" href=\"https:\/\/www.absintheenfete.ch\" target=\"_blank\">Absinthe en f\u00eate<\/a> !<\/p>\n","protected":false},"author":2,"featured_media":0,"template":"","event_category":[5],"class_list":["post-843","event","type-event","status-publish","hentry","event_category-sechoir-a-absinthe"],"acf":[],"yoast_head":"<!-- This site is optimized with the Yoast SEO plugin v26.0 - https:\/\/yoast.com\/wordpress\/plugins\/seo\/ -->\n<title>Absinthe en f\u00eate : S\u00e9choir ouvert - Mus\u00e9e r\u00e9gional du Val-de-Travers<\/title>\n<meta name=\"robots\" content=\"index, follow, max-snippet:-1, max-image-preview:large, max-video-preview:-1\" \/>\n<link rel=\"canonical\" href=\"https:\/\/mrvt.ch\/de\/events\/absinthe-en-fete-sechoir-ouvert\/\" \/>\n<meta property=\"og:locale\" content=\"de_DE\" \/>\n<meta property=\"og:type\" content=\"article\" \/>\n<meta property=\"og:title\" content=\"Absinthe en f\u00eate : S\u00e9choir ouvert - Mus\u00e9e r\u00e9gional du Val-de-Travers\" \/>\n<meta property=\"og:description\" content=\"Du c\u00f4t\u00e9 du MRVT c&#8217;est au S\u00e9choir \u00e0 absinthe que nous vous accueillerons le samedi 12 juin de 14h \u00e0 17h et on s&#8217;en r\u00e9jouit ! Pas de d\u00e9gustation chez nous, on laisse les distillateurs participants vous faire (re)d\u00e9couvrir leurs tr\u00e9sors ENTR\u00c9E LIBRE pour tous en ce jour Absinthe en f\u00eate !\" \/>\n<meta property=\"og:url\" content=\"https:\/\/mrvt.ch\/de\/events\/absinthe-en-fete-sechoir-ouvert\/\" \/>\n<meta property=\"og:site_name\" content=\"Mus\u00e9e r\u00e9gional du Val-de-Travers\" \/>\n<meta property=\"article:modified_time\" content=\"2021-06-07T14:37:26+00:00\" \/>\n<meta property=\"og:image\" content=\"https:\/\/static.xx.fbcdn.net\/images\/emoji.php\/v9\/t6d\/1\/16\/1f973.png\" \/>\n<meta name=\"twitter:card\" content=\"summary_large_image\" \/>\n<script type=\"application\/ld+json\" class=\"yoast-schema-graph\">{\"@context\":\"https:\/\/schema.org\",\"@graph\":[{\"@type\":\"WebPage\",\"@id\":\"https:\/\/mrvt.ch\/de\/events\/absinthe-en-fete-sechoir-ouvert\/\",\"url\":\"https:\/\/mrvt.ch\/de\/events\/absinthe-en-fete-sechoir-ouvert\/\",\"name\":\"Absinthe en f\u00eate : S\u00e9choir ouvert - Mus\u00e9e r\u00e9gional du Val-de-Travers\",\"isPartOf\":{\"@id\":\"https:\/\/mrvt.ch\/de\/#website\"},\"primaryImageOfPage\":{\"@id\":\"https:\/\/mrvt.ch\/de\/events\/absinthe-en-fete-sechoir-ouvert\/#primaryimage\"},\"image\":{\"@id\":\"https:\/\/mrvt.ch\/de\/events\/absinthe-en-fete-sechoir-ouvert\/#primaryimage\"},\"thumbnailUrl\":\"https:\/\/static.xx.fbcdn.net\/images\/emoji.php\/v9\/t6d\/1\/16\/1f973.png\",\"datePublished\":\"2021-05-18T08:47:02+00:00\",\"dateModified\":\"2021-06-07T14:37:26+00:00\",\"breadcrumb\":{\"@id\":\"https:\/\/mrvt.ch\/de\/events\/absinthe-en-fete-sechoir-ouvert\/#breadcrumb\"},\"inLanguage\":\"de\",\"potentialAction\":[{\"@type\":\"ReadAction\",\"target\":[\"https:\/\/mrvt.ch\/de\/events\/absinthe-en-fete-sechoir-ouvert\/\"]}]},{\"@type\":\"ImageObject\",\"inLanguage\":\"de\",\"@id\":\"https:\/\/mrvt.ch\/de\/events\/absinthe-en-fete-sechoir-ouvert\/#primaryimage\",\"url\":\"https:\/\/static.xx.fbcdn.net\/images\/emoji.php\/v9\/t6d\/1\/16\/1f973.png\",\"contentUrl\":\"https:\/\/static.xx.fbcdn.net\/images\/emoji.php\/v9\/t6d\/1\/16\/1f973.png\"},{\"@type\":\"BreadcrumbList\",\"@id\":\"https:\/\/mrvt.ch\/de\/events\/absinthe-en-fete-sechoir-ouvert\/#breadcrumb\",\"itemListElement\":[{\"@type\":\"ListItem\",\"position\":1,\"name\":\"Accueil\",\"item\":\"https:\/\/mrvt.ch\/de\/\"},{\"@type\":\"ListItem\",\"position\":2,\"name\":\"Absinthe en f\u00eate : S\u00e9choir ouvert\"}]},{\"@type\":\"WebSite\",\"@id\":\"https:\/\/mrvt.ch\/de\/#website\",\"url\":\"https:\/\/mrvt.ch\/de\/\",\"name\":\"Mus\u00e9e r\u00e9gional du Val-de-Travers\",\"description\":\"\",\"potentialAction\":[{\"@type\":\"SearchAction\",\"target\":{\"@type\":\"EntryPoint\",\"urlTemplate\":\"https:\/\/mrvt.ch\/de\/?s={search_term_string}\"},\"query-input\":{\"@type\":\"PropertyValueSpecification\",\"valueRequired\":true,\"valueName\":\"search_term_string\"}}],\"inLanguage\":\"de\"}]}<\/script>\n<!-- \/ Yoast SEO plugin. -->","yoast_head_json":{"title":"Absinthe en f\u00eate : S\u00e9choir ouvert - Mus\u00e9e r\u00e9gional du Val-de-Travers","robots":{"index":"index","follow":"follow","max-snippet":"max-snippet:-1","max-image-preview":"max-image-preview:large","max-video-preview":"max-video-preview:-1"},"canonical":"https:\/\/mrvt.ch\/de\/events\/absinthe-en-fete-sechoir-ouvert\/","og_locale":"de_DE","og_type":"article","og_title":"Absinthe en f\u00eate : S\u00e9choir ouvert - Mus\u00e9e r\u00e9gional du Val-de-Travers","og_description":"Du c\u00f4t\u00e9 du MRVT c&#8217;est au S\u00e9choir \u00e0 absinthe que nous vous accueillerons le samedi 12 juin de 14h \u00e0 17h et on s&#8217;en r\u00e9jouit ! Pas de d\u00e9gustation chez nous, on laisse les distillateurs participants vous faire (re)d\u00e9couvrir leurs tr\u00e9sors ENTR\u00c9E LIBRE pour tous en ce jour Absinthe en f\u00eate !","og_url":"https:\/\/mrvt.ch\/de\/events\/absinthe-en-fete-sechoir-ouvert\/","og_site_name":"Mus\u00e9e r\u00e9gional du Val-de-Travers","article_modified_time":"2021-06-07T14:37:26+00:00","og_image":[{"url":"https:\/\/static.xx.fbcdn.net\/images\/emoji.php\/v9\/t6d\/1\/16\/1f973.png","type":"","width":"","height":""}],"twitter_card":"summary_large_image","schema":{"@context":"https:\/\/schema.org","@graph":[{"@type":"WebPage","@id":"https:\/\/mrvt.ch\/de\/events\/absinthe-en-fete-sechoir-ouvert\/","url":"https:\/\/mrvt.ch\/de\/events\/absinthe-en-fete-sechoir-ouvert\/","name":"Absinthe en f\u00eate : S\u00e9choir ouvert - Mus\u00e9e r\u00e9gional du Val-de-Travers","isPartOf":{"@id":"https:\/\/mrvt.ch\/de\/#website"},"primaryImageOfPage":{"@id":"https:\/\/mrvt.ch\/de\/events\/absinthe-en-fete-sechoir-ouvert\/#primaryimage"},"image":{"@id":"https:\/\/mrvt.ch\/de\/events\/absinthe-en-fete-sechoir-ouvert\/#primaryimage"},"thumbnailUrl":"https:\/\/static.xx.fbcdn.net\/images\/emoji.php\/v9\/t6d\/1\/16\/1f973.png","datePublished":"2021-05-18T08:47:02+00:00","dateModified":"2021-06-07T14:37:26+00:00","breadcrumb":{"@id":"https:\/\/mrvt.ch\/de\/events\/absinthe-en-fete-sechoir-ouvert\/#breadcrumb"},"inLanguage":"de","potentialAction":[{"@type":"ReadAction","target":["https:\/\/mrvt.ch\/de\/events\/absinthe-en-fete-sechoir-ouvert\/"]}]},{"@type":"ImageObject","inLanguage":"de","@id":"https:\/\/mrvt.ch\/de\/events\/absinthe-en-fete-sechoir-ouvert\/#primaryimage","url":"https:\/\/static.xx.fbcdn.net\/images\/emoji.php\/v9\/t6d\/1\/16\/1f973.png","contentUrl":"https:\/\/static.xx.fbcdn.net\/images\/emoji.php\/v9\/t6d\/1\/16\/1f973.png"},{"@type":"BreadcrumbList","@id":"https:\/\/mrvt.ch\/de\/events\/absinthe-en-fete-sechoir-ouvert\/#breadcrumb","itemListElement":[{"@type":"ListItem","position":1,"name":"Accueil","item":"https:\/\/mrvt.ch\/de\/"},{"@type":"ListItem","position":2,"name":"Absinthe en f\u00eate : S\u00e9choir ouvert"}]},{"@type":"WebSite","@id":"https:\/\/mrvt.ch\/de\/#website","url":"https:\/\/mrvt.ch\/de\/","name":"Mus\u00e9e r\u00e9gional du Val-de-Travers","description":"","potentialAction":[{"@type":"SearchAction","target":{"@type":"EntryPoint","urlTemplate":"https:\/\/mrvt.ch\/de\/?s={search_term_string}"},"query-input":{"@type":"PropertyValueSpecification","valueRequired":true,"valueName":"search_term_string"}}],"inLanguage":"de"}]}},"_links":{"self":[{"href":"https:\/\/mrvt.ch\/de\/wp-json\/wp\/v2\/event\/843","targetHints":{"allow":["GET"]}}],"collection":[{"href":"https:\/\/mrvt.ch\/de\/wp-json\/wp\/v2\/event"}],"about":[{"href":"https:\/\/mrvt.ch\/de\/wp-json\/wp\/v2\/types\/event"}],"author":[{"embeddable":true,"href":"https:\/\/mrvt.ch\/de\/wp-json\/wp\/v2\/users\/2"}],"wp:attachment":[{"href":"https:\/\/mrvt.ch\/de\/wp-json\/wp\/v2\/media?parent=843"}],"wp:term":[{"taxonomy":"event_category","embeddable":true,"href":"https:\/\/mrvt.ch\/de\/wp-json\/wp\/v2\/event_category?post=843"}],"curies":[{"name":"wp","href":"https:\/\/api.w.org\/{rel}","templated":true}]}}

Absinthe en fête : Séchoir ouvert

<p>Du côté du MRVT c&#8217;est au Séchoir à absinthe que nous vous accueillerons le samedi 12 juin de 14h à 17h <img decoding="async" height="16" width="16" alt="&#x1f973;" src="https://static.xx.fbcdn.net/images/emoji.php/v9/t6d/1/16/1f973.png"> et on s&#8217;en réjouit !</p>



<p>Pas de dégustation chez nous, on laisse les distillateurs participants vous faire (re)découvrir leurs trésors<img decoding="async" height="16" width="16" alt="&#x1f9da;&#x200d;&#x2642;&#xfe0f;" src="https://static.xx.fbcdn.net/images/emoji.php/v9/t3e/1/16/1f9da_200d_2642.png"> </p>



<p>ENTRÉE LIBRE pour tous en ce jour <a rel="noreferrer noopener" href="https://www.absintheenfete.ch" target="_blank">Absinthe en fête</a> !</p>

<!-- This site is optimized with the Yoast SEO plugin v26.0 - https://yoast.com/wordpress/plugins/seo/ -->
<title>Absinthe en fête : Séchoir ouvert - Musée régional du Val-de-Travers</title>
<meta name="robots" content="index, follow, max-snippet:-1, max-image-preview:large, max-video-preview:-1" />
<link rel="canonical" href="https://mrvt.ch/de/events/absinthe-en-fete-sechoir-ouvert/" />
<meta property="og:locale" content="de_DE" />
<meta property="og:type" content="article" />
<meta property="og:title" content="Absinthe en fête : Séchoir ouvert - Musée régional du Val-de-Travers" />
<meta property="og:description" content="Du côté du MRVT c&#8217;est au Séchoir à absinthe que nous vous accueillerons le samedi 12 juin de 14h à 17h et on s&#8217;en réjouit ! Pas de dégustation chez nous, on laisse les distillateurs participants vous faire (re)découvrir leurs trésors ENTRÉE LIBRE pour tous en ce jour Absinthe en fête !" />
<meta property="og:url" content="https://mrvt.ch/de/events/absinthe-en-fete-sechoir-ouvert/" />
<meta property="og:site_name" content="Musée régional du Val-de-Travers" />
<meta property="article:modified_time" content="2021-06-07T14:37:26+00:00" />
<meta property="og:image" content="https://static.xx.fbcdn.net/images/emoji.php/v9/t6d/1/16/1f973.png" />
<meta name="twitter:card" content="summary_large_image" />
<script type="application/ld+json" class="yoast-schema-graph">{"@context":"https://schema.org","@graph":[{"@type":"WebPage","@id":"https://mrvt.ch/de/events/absinthe-en-fete-sechoir-ouvert/","url":"https://mrvt.ch/de/events/absinthe-en-fete-sechoir-ouvert/","name":"Absinthe en fête : Séchoir ouvert - Musée régional du Val-de-Travers","isPartOf":{"@id":"https://mrvt.ch/de/#website"},"primaryImageOfPage":{"@id":"https://mrvt.ch/de/events/absinthe-en-fete-sechoir-ouvert/#primaryimage"},"image":{"@id":"https://mrvt.ch/de/events/absinthe-en-fete-sechoir-ouvert/#primaryimage"},"thumbnailUrl":"https://static.xx.fbcdn.net/images/emoji.php/v9/t6d/1/16/1f973.png","datePublished":"2021-05-18T08:47:02+00:00","dateModified":"2021-06-07T14:37:26+00:00","breadcrumb":{"@id":"https://mrvt.ch/de/events/absinthe-en-fete-sechoir-ouvert/#breadcrumb"},"inLanguage":"de","potentialAction":[{"@type":"ReadAction","target":["https://mrvt.ch/de/events/absinthe-en-fete-sechoir-ouvert/"]}]},{"@type":"ImageObject","inLanguage":"de","@id":"https://mrvt.ch/de/events/absinthe-en-fete-sechoir-ouvert/#primaryimage","url":"https://static.xx.fbcdn.net/images/emoji.php/v9/t6d/1/16/1f973.png","contentUrl":"https://static.xx.fbcdn.net/images/emoji.php/v9/t6d/1/16/1f973.png"},{"@type":"BreadcrumbList","@id":"https://mrvt.ch/de/events/absinthe-en-fete-sechoir-ouvert/#breadcrumb","itemListElement":[{"@type":"ListItem","position":1,"name":"Accueil","item":"https://mrvt.ch/de/"},{"@type":"ListItem","position":2,"name":"Absinthe en fête : Séchoir ouvert"}]},{"@type":"WebSite","@id":"https://mrvt.ch/de/#website","url":"https://mrvt.ch/de/","name":"Musée régional du Val-de-Travers","description":"","potentialAction":[{"@type":"SearchAction","target":{"@type":"EntryPoint","urlTemplate":"https://mrvt.ch/de/?s={search_term_string}"},"query-input":{"@type":"PropertyValueSpecification","valueRequired":true,"valueName":"search_term_string"}}],"inLanguage":"de"}]}</script>
<!-- / Yoast SEO plugin. -->

Absinthe en fête : Séchoir ouvert - Musée régional du Val-de-Travers

Du côté du MRVT c&#8217;est au Séchoir à absinthe que nous vous accueillerons le samedi 12 juin de 14h à 17h et on s&#8217;en réjouit ! Pas de dégustation chez nous, on laisse les distillateurs participants vous faire (re)découvrir leurs trésors ENTRÉE LIBRE pour tous en ce jour Absinthe en fête !

Musée régional du Val-de-Travers
